is the units digit of w(d)?
6
Let y(c) = -c**3 - 5*c**2 + 9*c + 5. Let w be y(-7). Let g = w + -24. What is the tens digit of g?
1
Let z(p) be the second derivative of p**5/20 + 7*p**4/12 + 5*p**3/6 + p. Let o be z(-4). Suppose -x - 17 = 4*m + m, -x + 4*m = -o. What is the units digit of x?
8
Let f be -1*10*1/(-2). Suppose f*h = 4*h + 3. Suppose -h*z = -6, 2*y - 5*z + 8 = -0*y. What is the units digit of y?
1
Let u(m) = 2*m**2 - 2*m + 4. Let z be u(4). Suppose 0*y - z = -4*y + j, 0 = -5*y + j + 34. Let w(s) = 2*s. What is the tens digit of w(y)?
1
Let r(y) = -y**2 + 12*y - 10. Let g be r(7). Let o = g + -15. What is the tens digit of o?
1
What is the units digit of 21/1 + 8/2?
5
Suppose 5*y = 3*c - 8 - 46, 0 = 4*c - 4*y - 64. What is the units digit of c?
3
Let q(c) = 76*c**2 - 2*c + 1. What is the tens digit of q(1)?
7
Suppose -5*f = -f - 224. Suppose 3*r - f = -x, -4*r + 110 = -4*x + 46. What is the tens digit of r?
1
Suppose -3*d - 2*v + 1 + 2 = 0, 4*v = -d + 11. What is the units digit of -1*(-3 + d)*2?
8
Let q be -1 - (-2 + 2 + -4). Let j(v) = 0*v**2 - 3*v**q + 4*v**3 + v**2. What is the units digit of j(1)?
2
What is the units digit of (56/(-12))/7 + (-1162)/(-6)?
3
What is the tens digit of 1834/17 - 2/(-17)?
0
Suppose -3*k = 8 + 16. What is the tens digit of ((-148)/k)/1*2?
3
What is the units digit of 2*(5 + 0) + -2?
8
Suppose 25 = -a + 6*a. Suppose 4*f = d - a, 3*f - 2*f = -1. What is the units digit of d?
1
Let t(y) = y. Let x be t(2). Suppose -3*f - 3 = -4*b - 0*f, -x*b + 5*f - 9 = 0. What is the units digit of b?
3
Suppose -4*q = -5*a - 90, 4*q + q = -2*a + 129. Suppose -u - 3*c + 52 = 0, -3*c - 2*c + q = 0. What is the tens digit of u?
3
Suppose 0 = -0*x - x + 4*i + 115, -3*x + 5*i = -345. What is the tens digit of x?
1
Let b = -2 - 4. Suppose 3*s + 12 = 0, 0*s - 21 = -3*n + 3*s. Let i = n - b. What is the units digit of i?
9
Let j = 202 - 49. What is the units digit of j?
3
Let i(h) = -h**2 + h + 5. Let v be i(0). Suppose 0*d - v*d + 50 = 0. What is the tens digit of d?
1
Let y be (20/(-12))/(3/(-27)). Let s = 26 - y. What is the tens digit of s?
1
Let m = 463 - 267. Suppose 0 = -5*v - 2*v + m. What is the tens digit of v?
2
Suppose 5*b - 95 = -3*n - 0*b, n - 43 = 4*b. What is the units digit of n?
5
Suppose -n - 5*l - 11 = -0*n, -3*n - 4*l = 0. Suppose -5*x = 4*u - 13, -8*x + 3*x - 3 = -n*u. What is the units digit of x?
1
Suppose 3*k = 1108 - 460. What is the hundreds digit of k?
2
Suppose f = 4*o - 79, -3 = f - 4. Let h = o + -4. What is the units digit of h?
6
Let b = 21 - -9. What is the units digit of b?
0
Let z(j) = -16*j - 61. What is the units digit of z(-10)?
9
Let x(l) = 3 - l - 3. Let b be x(5). What is the units digit of 1/b - 6/(-5)?
1
Let f = 241 + -156. What is the units digit of f?
5
Let k = -45 - -80. Suppose -99 = -4*t - k. What is the units digit of t?
6
Suppose 0 = 3*o - 2 - 4. Let k be o/10 - (-176)/20. Suppose k = q + 2. What is the units digit of q?
7
What is the tens digit of (104/20)/(-2 - 22/(-10))?
2
Suppose 37 = 4*f + 6*x - x, -3*f = -4*x + 11. Suppose -f*o = o - 76. What is the tens digit of o?
1
Suppose -l - 31 = 3*d - 6*l, 0 = -4*d + 3*l - 23. Let t be 1*(d - -2 - -5). Let p = t + -1. What is the units digit of p?
4
Let m(p) = -p**3 + 6*p**2 - 4*p. What is the tens digit of m(4)?
1
Suppose 2*z + 10 = 7*z. What is the units digit of 1 - (-16)/z*1?
9
Suppose -5*t = -8*t + 24. What is the units digit of t?
8
Let s(q) = 2*q**2 + 10*q + 5. What is the tens digit of s(-11)?
3
Let n(f) = -3*f**2 + 8 + 0*f**3 - 9*f - 4*f**2 + f**3. Let q be n(8). Suppose -3 = -3*y - q. What is the units digit of y?
1
Let b = 12 + -6. What is the units digit of b?
6
Suppose -2*k + k = -5*o - 214, -5*o = 4*k + 194. What is the units digit of (-4)/(-14) + (-534)/o?
3
Suppose -145 = 6*o - 11*o. What is the units digit of o?
9
What is the units digit of (-717)/(-9) - (-8)/24?
0
Suppose -7 = -4*d + 57. Suppose -8 = -3*g + l, -4*g + l = 5*l - d. Suppose 0 = 4*a + 5*y - 18, -g*a + 4 + 6 = 2*y. What is the units digit of a?
2
What is the tens digit of (-1)/(-2) + (-2299)/(-22)?
0
What is the tens digit of 708/20 - (-9)/15?
3
Let a be ((-16)/2)/(0 + -2). Suppose -3*x - a*t - 11 = 0, -3*x - 2*t = 3*t + 16. What is the units digit of 12 - x/(-1 + -2)?
3
Let w(r) = -r - 4. Let h(b) = -b - 5. Let k(t) = 3*h(t) - 2*w(t). Suppose -2*u + f = 2*u + 33, 0 = -2*u + 2*f - 18. What is the units digit of k(u)?
1
Let x(b) = 3*b + 6. Let m(j) = 3*j + 5. Let f(h) = -5*m(h) + 4*x(h). What is the units digit of f(-1)?
2
Suppose -7*x = -3*x + 28. Let b(g) = 2*g - 1. Let q(d) = -1. Let p(z) = -b(z) + 6*q(z). What is the units digit of p(x)?
9
Suppose b + 2*b = 3*v + 84, 0 = 3*b - v - 76. What is the tens digit of b + (0/3 - -2)?
2
Let o(k) = k**3 + k**2 + 34. Let l be o(0). Suppose l = 5*i - 6. What is the units digit of i?
8
Suppose 2*u - 3*j - 340 = 0, 0*j + 841 = 5*u - 3*j. What is the hundreds digit of u?
1
Let v = -1 + 2. Let p be (16/(-12))/(v/3). Let w = 4 - p. What is the units digit of w?
8
Suppose 3*u = -0*u + 12. Suppose -j - u = 1. Let g = j + 14. What is the units digit of g?
9
Suppose 2*q + 142 = -q - 2*j, 2*q + 2*j = -92. Let h = -27 - q. What is the tens digit of h?
2
Let g(z) = -z**3 - 4*z**2 - z + 3. Let u be g(-3). Let w = u - -2. What is the units digit of (10/(2*w))/(-1)?
5
Suppose 10*u - 15 = 5*u. Let t be u/((-30)/(-4))*5. Suppose 20 = 2*b - 2*d, 2*b - 18 = 3*d - t*d. What is the units digit of b?
8
Let k(a) = a + 9. Let n(u) = -u - 9. Let d(m) = 4*k(m) + 3*n(m). What is the units digit of d(-7)?
2
Let d(f) = 53*f - 62. What is the tens digit of d(7)?
0
Suppose -4*r = r - 85. Let o = -4 + r. What is the tens digit of o?
1
Suppose -3 = -d, -b - d + 23 = 3*b. Let i be 34/10 - 2/5. Let k = b + i. What is the units digit of k?
8
What is the units digit of (-11352)/(-104) + ((-15)/13 - -1)?
9
Let j(q) be the second derivative of q**3/2 - 9*q**2 + 6*q. What is the tens digit of j(16)?
3
Let u = -18 + 8. Let c(y) be the second derivative of -y**4/12 - 5*y**3/3 + 2*y**2 - 2*y. What is the units digit of c(u)?
4
Let f be 51/7 - 2/7. Suppose 3*o = -0*b + 4*b + 19, 0 = 3*o + b - 29. Suppose -2*k + o = -f. What is the units digit of k?
8
Suppose 8*q - 5 - 1347 = 0. What is the hundreds digit of q?
1
Let j = 30 + -16. Let r = j - -2. What is the tens digit of r?
1
Let v(g) = g**2 - 5*g + 12. Let f be v(5). Suppose -3*c + 2*c = -f. What is the units digit of c?
2
Let q(m) = 10*m**3 - 6*m**2 + 7*m - 5. What is the units digit of q(3)?
2
Suppose 0 = -5*y + a + 9, 4 - 1 = -5*y - 2*a. Let j = 10 - y. What is the units digit of j?
9
Let x = -10 + 14. Suppose -k + 21 = 4*s, 206 - 5 = 5*k - x*s. What is the units digit of k?
7
Let q be (-15)/2*4/(-6). Suppose 0*k - 4*k = 2*c - 40, -q*c + 45 = -k. What is the units digit of c + -4 + (-2 - -4)?
8
Suppose 2*j - 4*o - o - 79 = 0, -2*j + 4*o + 76 = 0. What is the tens digit of j?
3
Let d(v) = -v**2 + 7*v - 4. Let a be d(6). Suppose 0 = a*b - 7*b + 25. What is the units digit of b?
5
Suppose -3*w = -5*d + 43, 0 = -0*d + 3*d - 2*w - 25. Let o(h) = h**2 - 6*h - 3. What is the units digit of o(d)?
2
Suppose 15 - 5 = 5*z. Suppose -20 = -2*q - 4*r, 2*r = 2*q + z*q. What is the units digit of q?
2
Suppose a + 9 = -3*q, 3*a + 0*q - 5 = -q. Suppose 0*d = 5*d - 20. Let g = d + a. What is the units digit of g?
7
Let u = 59 + -40. What is the tens digit of u?
1
Let a be (-13)/(-3) - (-8)/(-24). What is the tens digit of (1 - 2/a)*56?
2
Suppose -5*s + 125 = -0*s. Let u = -9 + s. Suppose -5*c = 3*v - 17, -4*c = -7*v + 2*v + u. What is the units digit of v?
4
Let n be 5/(-20) - (-18)/8. What is the units digit of 408/4*n/6?
4
Let v = -11 - -13. Suppose v*x - 110 = -5*z, -3*z + 91 = z + x. What is the tens digit of z?
2
Suppose 0 = -5*t - 112 + 542. What is the tens digit of t?
8
Let u = -5 + 3. What is the tens digit of (-11 - 0)/(2/u)?
1
Let x = 96 - 39. What is the units digit of x?
7
Let z(w) = 2*w**2 + 4*w - 7. Let h(p) = p**2 - p. Let m(v) = -h(v) + z(v). Suppose -3*b - 13 = 8. What is the units digit of m(b)?
7
Let w(o) = 3*o + o + o**2 + 0*o. Let u be w(-4). What is the units digit of 0 + u - 1 - -4?
3
What is the units digit of (-21 + 17)*1/(4/(-118))?
8
Let k = 433 + -239. What is the tens digit of k?
9
S